ded by 31?
26
Calculate the remainder when 491 is divided by 13.
10
What is the remainder when 296 is divided by 85?
41
What is the remainder when 89 is divided by 14?
5
Calculate the remainder when 25430 is divided by 136.
134
What is the remainder when 775 is divided by 12?
7
Calculate the remainder when 875 is divided by 12.
11
Calculate the remainder when 1444 is divided by 5.
4
What is the remainder when 113 is divided by 41?
31
Calculate the remainder when 628 is divided by 197.
37
Calculate the remainder when 419 is divided by 15.
14
What is the remainder when 92 is divided by 14?
8
Calculate the remainder when 324 is divided by 111.
102
What is the remainder when 300 is divided by 39?
27
What is the remainder when 125 is divided by 12?
5
What is the remainder when 92 is divided by 6?
2
Calculate the remainder when 118 is divided by 62.
56
What is the remainder when 165 is divided by 27?
3
Calculate the remainder when 175 is divided by 18.
13
Calculate the remainder when 722 is divided by 354.
14
What is the remainder when 329 is divided by 55?
54
What is the remainder when 593 is divided by 163?
104
What is the remainder when 112 is divided by 17?
10
Calculate the remainder when 109 is divided by 10.
9
What is the remainder when 149 is divided by 10?
9
Calculate the remainder when 204 is divided by 42.
36
What is the remainder when 1151 is divided by 24?
23
What is the remainder when 448 is divided by 92?
80
Calculate the remainder when 202 is divided by 21.
13
Calculate the remainder when 3974 is divided by 41.
38
What is the remainder when 63 is divided by 25?
13
Calculate the remainder when 140 is divided by 72.
68
Calculate the remainder when 18 is divided by 16.
2
Calculate the remainder when 2705 is divided by 18.
5
What is the remainder when 180 is divided by 7?
5
What is the remainder when 150 is divided by 11?
7
What is the remainder when 1425 is divided by 1362?
63
Calculate the remainder when 403 is divided by 49.
11
Calculate the remainder when 203 is divided by 59.
26
Calculate the remainder when 171 is divided by 155.
16
What is the remainder when 757 is divided by 20?
17
What is the remainder when 91 is divided by 46?
45
Calculate the remainder when 3323 is divided by 7.
5
What is the remainder when 60 is divided by 17?
9
What is the remainder when 296 is divided by 75?
71
Calculate the remainder when 333 is divided by 78.
21
What is the remainder when 3707 is divided by 14?
11
Calculate the remainder when 515 is divided by 18.
11
Calculate the remainder when 302 is divided by 77.
71
Calculate the remainder when 631 is divided by 29.
22
What is the remainder when 428 is divided by 47?
5
What is the remainder when 140 is divided by 9?
5
Calculate the remainder when 174 is divided by 102.
72
Calculate the remainder when 95 is divided by 25.
20
Calculate the remainder when 8641 is divided by 33.
28
What is the remainder when 233 is divided by 59?
56
What is the remainder when 2255 is divided by 24?
23
Calculate the remainder when 559 is divided by 10.
9
What is the remainder when 2221 is divided by 171?
169
Calculate the remainder when 529 is divided by 28.
25
What is the remainder when 1155 is divided by 23?
5
What is the remainder when 206 is divided by 5?
1
What is the remainder when 1119 is divided by 45?
39
What is the remainder when 814 is divided by 91?
86
Calculate the remainder when 722 is divided by 16.
2
Calculate the remainder when 790 is divided by 110.
20
What is the remainder when 46 is divided by 41?
5
What is the remainder when 2264 is divided by 153?
122
What is the remainder when 77 is divided by 58?
19
Calculate the remainder when 1200 is divided by 17.
10
Calculate the remainder when 232 is divided by 61.
49
What is the remainder when 1015 is divided by 30?
25
Calculate the remainder when 382 is divided by 46.
14
What is the remainder when 236 is divided by 97?
42
What is the remainder when 44 is divided by 8?
4
What is the remainder when 189 is divided by 48?
45
What is the remainder when 998 is divided by 12?
2
What is the remainder when 1981 is divided by 124?
121
Calculate the remainder when 1273 is divided by 26.
25
Calculate the remainder when 410 is divided by 173.
64
Calculate the remainder when 678 is divided by 114.
108
Calculate the remainder when 16 is divided by 9.
7
Calculate the remainder when 1032 is divided by 128.
8
What is the remainder when 533 is divided by 177?
2
Calculate the remainder when 331 is divided by 3.
1
What is the remainder when 507 is divided by 20?
7
Calculate the remainder when 152 is divided by 49.
5
What is the remainder when 556 is divided by 66?
28
Calculate the remainder when 2818 is divided by 46.
12
Calculate the remainder when 2035 is divided by 671.
22
What is the remainder when 298 is divided by 50?
48
What is the remainder when 1295 is divided by 8?
7
What is the remainder when 166 is divided by 71?
24
Calculate the remainder when 581 is divided by 178.
47
Calculate the remainder when 158 is divided by 4.
2
Calculate the remainder when 577 is divided by 5.
2
Calculate the remainder when 125 is divided by 57.
11
What is the remainder when 586 is divided by 9?
1
What is the remainder when 279 is divided by 58?
47
Calculate the remainder when 215 is divided by 11.
6
Calculate the remainder when 265 is divided by 9.
4
What is the remainder when 377 is divided by 21?
20
Calculate the remainder when 437 is divided by 35.
17
Calculate the remainder when 165 is divided by 83.
82
Calculate the remainder when 180 is divided by 141.
39
What is the remainder when 166 is divided by 5?
1
Calculate the remainder when 3305 is divided by 57.
56
What is the remainder when 1132 is divided by 21?
19
What is the remainder when 2380 is divided by 266?
252
What is the remainder when 491 is divided by 6?
5
Calculate the remainder when 2286 is divided by 52.
50
What is the remainder when 258 is divided by 10?
8
What is the remainder when 140 is divided by 136?
4
Calculate the remainder when 273 is divided by 32.
17
What is the remainder when 20 is divided by 11?
9
Calculate the remainder when 33032 is divided by 143.
142
Calculate the remainder when 424 is divided by 69.
10
Calculate the remainder when 458 is divided by 21.
17
What is the remainder when 192 is divided by 65?
62
Calculate the remainder when 88 is divided by 13.
10
What is the remainder when 1233 is divided by 18?
9
Calculate the remainder when 414 is divided by 32.
30
What is the remainder when 348 is divided by 9?
6
Calculate the remainder when 12179 is divided by 4056.
11
Calculate the remainder when 266 is divided by 54.
50
What is the remainder when 13604 is divided by 243?
239
Calculate the remainder when 12868 is divided by 21.
16
What is the remainder when 4496 is divided by 25?
21
Calculate the remainder when 252 is divided by 17.
14
Calculate the remainder when 247 is divided by 59.
11
What is the remainder when 486 is divided by 116?
22
Calculate the remainder when 157 is divided by 42.
31
Calculate the remainder when 370 is divided by 94.
88
Calculate the remainder when 23 is divided by 9.
5
Calculate the remainder when 206 is divided by 38.
16
What is the remainder when 34786 is divided by 26?
24
What is the remainder when 2481 is divided by 276?
273
What is the remainder when 18172 is divided by 3?
1
What is the remainder when 226 is divided by 23?
19
Calculate the remainder when 189 is divided by 31.
3
What is the remainder when 1443 is divided by 48?
3
What is the remainder when 984 is divided by 263?
195
What is the remainder when 3247 is divided by 203?
202
What is the remainder when 156 is divided by 28?
16
Calculate the remainder when 164 is divided by 21.
17
Calculate the remainder when 92 is divided by 12.
8
Calculate the remainder when 49 is divided by 2.
1
What is the remainder when 463 is divided by 104?
47
Calculate the remainder when 9260 is divided by 193.
189
What is the remainder when 7692 is divided by 157?
156
Calculate the remainder when 780 is divided by 63.
24
What is the remainder when 617 is divided by 23?
19
Calculate the remainder when 121 is divided by 91.
30
Calculate the remainder when 4892 is divided by 977.
7
Calculate the remainder when 83 is divided by 37.
9
What is